s the thousands digit of 2941190?
1
What is the ten millions digit of 549440559?
4
What is the hundred millions digit of 589566478?
5
What is the hundreds digit of 7805549240?
2
What is the hundred thousands digit of 6276375237?
3
What is the tens digit of 7492515360?
6
What is the ten millions digit of 506333220?
0
What is the ten millions digit of 2334810079?
3
What is the millions digit of 252419249?
2
What is the hundreds digit of 66174037?
0
What is the hundreds digit of 1272859404?
4
What is the ten thousands digit of 4995845316?
4
What is the units digit of 33217368?
8
What is the millions digit of 82663179?
2
What is the tens digit of 16616798?
9
What is the units digit of 26442966?
6
What is the hundred thousands digit of 6120688425?
6
What is the ten millions digit of 159858978?
5
What is the ten thousands digit of 1067662709?
6
What is the hundred thousands digit of 5781376289?
3
What is the units digit of 88805707?
7
What is the ten thousands digit of 4968578541?
7
What is the hundred thousands digit of 6219463451?
4
What is the hundred thousands digit of 53794407?
7
What is the units digit of 36528358?
8
What is the tens digit of 395028480?
8
What is the millions digit of 55411022?
5
What is the ten thousands digit of 51152001?
5
What is the ten millions digit of 149023962?
4
What is the millions digit of 221266827?
1
What is the units digit of 956733187?
7
What is the hundred millions digit of 244671917?
2
What is the thousands digit of 788518048?
8
What is the thousands digit of 57197281?
7
What is the billions digit of 1264432365?
1
What is the units digit of 45144364?
4
What is the millions digit of 128472427?
8
What is the units digit of 2745748536?
6
What is the tens digit of 514569617?
1
What is the thousands digit of 174406173?
6
What is the thousands digit of 6279395482?
5
What is the ten millions digit of 93612556?
9
What is the hundreds digit of 439248397?
3
What is the ten millions digit of 429779811?
2
What is the billions digit of 1450676908?
1
What is the hundreds digit of 102192719?
7
What is the billions digit of 1389823147?
1
What is the millions digit of 168960409?
8
What is the tens digit of 117213849?
4
What is the hundred millions digit of 7085642646?
0
What is the hundred thousands digit of 318614467?
6
What is the hundred thousands digit of 1356320624?
3
What is the ten thousands digit of 83176186?
7
What is the millions digit of 676979976?
6
What is the hundreds digit of 238504045?
0
What is the units digit of 415447375?
5
What is the hundred millions digit of 1542566153?
5
What is the billions digit of 2801729942?
2
What is the units digit of 2851489423?
3
What is the hundred thousands digit of 4916895231?
8
What is the units digit of 2235241648?
8
What is the hundred thousands digit of 276401292?
4
What is the ten millions digit of 1335774130?
3
What is the hundred millions digit of 366123833?
3
What is the ten millions digit of 330338278?
3
What is the hundred thousands digit of 1103844802?
8
What is the ten millions digit of 7153181638?
5
What is the units digit of 47394452?
2
What is the millions digit of 55088588?
5
What is the tens digit of 106450326?
2
What is the hundred thousands digit of 23941280?
9
What is the hundreds digit of 2772044741?
7
What is the tens digit of 2818185?
8
What is the units digit of 80617493?
3
What is the hundreds digit of 56572244?
2
What is the ten millions digit of 727541117?
2
What is the millions digit of 2512572186?
2
What is the units digit of 3526856256?
6
What is the tens digit of 97503078?
7
What is the billions digit of 1932631920?
1
What is the ten thousands digit of 64240493?
4
What is the tens digit of 3220527141?
4
What is the tens digit of 649057140?
4
What is the hundred thousands digit of 29533458?
5
What is the units digit of 859439088?
8
What is the hundred thousands digit of 80915888?
9
What is the ten thousands digit of 616840749?
4
What is the hundreds digit of 173270067?
0
What is the hundreds digit of 1589153909?
9
What is the hundreds digit of 86816917?
9
What is the tens digit of 2690877099?
9
What is the hundred thousands digit of 1337964618?
9
What is the hundred millions digit of 3464985169?
4
What is the hundreds digit of 67269698?
6
What is the hundred millions digit of 155248028?
1
What is the units digit of 94272794?
4
What is the thousands digit of 12666546?
6
What is the thousands digit of 1721655723?
5
What is the units digit of 25464157?
7
What is the millions digit of 1851101357?
1
What is the ten thousands digit of 900702046?
0
What is the ten millions digit of 249611890?
4
What is the hundred thousands digit of 771325052?
3
What is the hundreds digit of 64425083?
0
What is the ten millions digit of 31420303?
3
What is the millions digit of 1169526808?
9
What is the hundred thousands digit of 7637511180?
5
What is the hundred thousands digit of 329255747?
2
What is the hundred thousands digit of 444473403?
4
What is the tens digit of 44625414?
1
What is the ten millions digit of 1738994884?
3
What is the ten millions digit of 53158004?
5
What is the hundreds digit of 58462862?
8
What is the ten thousands digit of 7145571?
4
What is the ten thousands digit of 1692223042?
2
What is the thousands digit of 140650304?
0
What is the millions digit of 326370411?
6
What is the hundred millions digit of 184314765?
1
What is the units digit of 239843571?
1
What is the thousands digit of 8084058?
4
What is the tens digit of 169770082?
8
What is the hundred thousands digit of 95872706?
8
What is the units digit of 4998795514?
4
What is the millions digit of 911069037?
1
What is the tens digit of 75115350?
5
What is the hundred thousands digit of 4434887214?
8
What is the thousands digit of 12186724?
6
What is the ten millions digit of 7869752050?
6
What is the hundred millions digit of 108140036?
1
What is the ten thousands digit of 78469650?
6
What is the ten millions digit of 3217281066?
1
What is the millions digit of 58422216?
8
What is the hundred thousands digit of 1301920609?
9
What is the ten thousands digit of 3064135014?
3
What is the ten thousands digit of 151184967?
8
What is the hundred thousands digit of 155935322?
9
What is the hundreds digit of 466013897?
8
What is the units digit of 137719124?
4
What is the thousands digit of 421685479?
5
What is the tens digit of 3526662826?
2
What is the thousands digit of 1867960173?
0
What is the billions digit of 2045219479?
2
What is the thousands digit of 14655615?
5
What is the tens digit of 1583975333?
3
What is the millions digit of 1075833150?
5
What is the thousands digit of 308055?
8
What is the thousands digit of 3103058?
3
What is the hundred thousands digit of 144149335?
1
What is the hundreds digit of 476634035?
0
What is the thousands digit of 66988415?
8
What is the units digit of 748178311?
1
What is the hundred millions digit of 181911517?
1
What is the tens digit of 3409374467?
6
What is the units digit of 101670434?
4
What is the millions digit of 25323497?
5
What is the thousands digit of 2199146124?
6
What is the hundreds digit of 105095739?
7
What is the ten thousands digit of 410034076?
3
What is the hundred millions digit of 209412858?
2
What is the units digit of 2076644816?
6
What is the millions digit of 14999797?
4
What is the hundred thousands digit of 120688057?
6
What is the ten millions digit of 1416068387?
1
What is the millions digit of 43339062?
3
What is the hundred thousands digit of 9354491?
3
What is the millions digit of 89394907?
9
What is the millions digit of 4366543586?
6
What is the tens digit of 60587962?
6
What is the ten thousands digit of 895012693?
1
What is the thousands digit of 2191819263?
9
What is the units digit of 43972455?
5
What is the hundred millions digit of 2360330497?
3
What is the thousands digit of 1676135502?
5
What is the hundreds digit of 3799893331?
3
What is the ten thousands digit of 2730414?
3
What is the thousands digit of 59228133?
8
What is the ten thousands digit of 395314454?
1
What is the thousands digit of 4732720850?
0
What is the tens digit of 4031482759?
5
What is the hundreds digit of 81325148?
1
What is the tens digit of 195366106?
0
What is the millions digit of 1364099719?
4
What is the tens digit of